{"id":107,"date":"2014-02-08T20:14:08","date_gmt":"2014-02-08T18:14:08","guid":{"rendered":"http:\/\/www.iv-milch.de\/?page_id=107"},"modified":"2014-08-24T14:11:17","modified_gmt":"2014-08-24T12:11:17","slug":"2011-2","status":"publish","type":"page","link":"https:\/\/www.iv-milch.de\/?page_id=107","title":{"rendered":"2011"},"content":{"rendered":"<p>&nbsp;<\/p>\n<ul>\n<li><strong>Jahrestagung 2011 in Pirna (Sachsen)<\/strong><\/li>\n<\/ul>\n<p>Neubau und Rekonstruktion gro\u00dfer Milchviehanlagen<br \/>\nMit der Jahrestagung am 28.\/29. Oktober in Pirna wurde die Thematik der \u00d6ffentlichen Fachtagung zum 20. Jahrestag im Juni 2011 \u201eNeubau oder Modernisierung\u201c fortgesetzt und am praktischen Beispiel studiert. Dazu bot die Besichtigung der beiden Milchviehanlagen in Gro\u00dfdrebnitz (Neubau neben der 1939er Anlage) und in Gro\u00dferkmannsdorf (Rekonstruktion der 1930er Anlage) gute M\u00f6glichkeiten.<br \/>\nIm Rahmen der internen Betriebsauswertung stand das Thema Tiergesundheit und Milchleistung im Mittelpunkt. Der nachfolgende Artikel in der Neuen Landwirtschaft gibt dazu einen \u00dcberblick.<br \/>\nIn der Betriebsreportage \u201eErfolgreich gegen den Strom\u201c der Neuen Landwirtschaft in der Ausgabe 01\/2012 wird der IVM-Mitgliedsbetrieb Siedenlangenbeck vorgestellt. Ausgangspunkt daf\u00fcr waren die Ausf\u00fchrungen von Christian Schmidt auf der Jahrestagung in Pirna.<br \/>\nNachfolgend Pressever\u00f6ffentlichungen zur Jahrestagung 2011<\/p>\n<p>Artikel Neue Landwirtschaft: Neubau oder Modernisierung; Dr. Klaus Siegmund<br \/>\nArtikel <a href=\"https:\/\/www.iv-milch.de\/pdf\/2011\/NL_01_2012_IVM_Vergleich.pdf\" target=\"_blank\">als PDF<\/a> NL_01_2012_IVM_Vergleich.pdf<\/p>\n<p>Artikel Neue Landwirtschaft: Erfolgreich gegen den Strom; Dr. Uwe Steffin<br \/>\nArtikel <a href=\"https:\/\/www.iv-milch.de\/pdf\/2011\/NL_01_2012_Reportage_Schmidt.pdf\" target=\"_blank\">als PDF<\/a> NL_01_2012_Reportage_Schmidt.pdf<\/p>\n<p>&nbsp;<\/p>\n<ul>\n<li><strong>20 Jahre IVM \u2013 Fachtagung in der HVHS am Seddiner See<\/strong><\/li>\n<\/ul>\n<p>Zum 20. Jahrestag seiner Gr\u00fcndung richtete der IVM eine \u00d6ffentliche Fachtagung aus. An der Heimvolkshochschule Seddiner See diskutierten Fachleute aus Mitgliedsunternehmen sowie weiteren Milchviehbetrieben und Institutionen zum Thema<br \/>\n\u201eMit gro\u00dfen Milchviehbetrieben in die Zukunft \u2013 Technologie \u2022 Management \u2022 Politik\u201c<br \/>\nNachfolgend Pressever\u00f6ffentlichungen zur Fachtagung am 17. Juni 2011<\/p>\n<p>Artikel Neue Landwirtschaft: Interview mit Klaus Griepentrog<br \/>\nArtikel <a href=\"https:\/\/www.iv-milch.de\/pdf\/2011\/NL_04_2011_Interview_Griepentrog.pdf\" target=\"_blank\">als PDF<\/a> NL_04_2011_Interview_Griepentrog.pdf<\/p>\n<p>Artikel Bauernzeitung: Einst, heute, k\u00fcnftig; Fritz Fleege<br \/>\nArtikel <a href=\"https:\/\/www.iv-milch.de\/pdf\/2011\/BZ11_26_040.pdf\" target=\"_blank\">als PDF<\/a> BZ11_26_040.pdf<\/p>\n<p>Artikel Neue Landwirtschaft: Blicke nach vorn; Dr. Barbara Hentschel<br \/>\nArtikel <a href=\"https:\/\/www.iv-milch.de\/pdf\/2011\/NL_07_2011_ivm.pdf\" target=\"_blank\">als PDF<\/a> NL_07_2011_ivm.pdf<\/p>\n<p>Artikel Neue Landwirtschaft: Neubau oder Rekonstruktion; Prof. Dr. Gerhard Schleitzer<br \/>\nArtikel <a href=\"https:\/\/www.iv-milch.de\/pdf\/2011\/NL_06_2011_Schleitzer.pdf\" target=\"_blank\">als PDF<\/a> NL_06_2011_Schleitzer.pdf<\/p>\n","protected":false},"excerpt":{"rendered":"<p>&nbsp; Jahrestagung 2011 in Pirna (Sachsen) Neubau und Rekonstruktion gro\u00dfer Milchviehanlagen Mit der Jahrestagung am 28.\/29. Oktober in Pirna wurde die Thematik der \u00d6ffentlichen Fachtagung zum 20. Jahrestag im Juni 2011 \u201eNeubau oder Modernisierung\u201c fortgesetzt und am praktischen Beispiel studiert. Dazu bot die Besichtigung der beiden Milchviehanlagen in Gro\u00dfdrebnitz (Neubau neben der 1939er Anlage) und [&hellip;]<\/p>\n","protected":false},"author":1,"featured_media":0,"parent":36,"menu_order":19,"comment_status":"closed","ping_status":"closed","template":"","meta":{"footnotes":""},"class_list":["post-107","page","type-page","status-publish","hentry"],"_links":{"self":[{"href":"https:\/\/www.iv-milch.de\/index.php?rest_route=\/wp\/v2\/pages\/107","targetHints":{"allow":["GET"]}}],"collection":[{"href":"https:\/\/www.iv-milch.de\/index.php?rest_route=\/wp\/v2\/pages"}],"about":[{"href":"https:\/\/www.iv-milch.de\/index.php?rest_route=\/wp\/v2\/types\/page"}],"author":[{"embeddable":true,"href":"https:\/\/www.iv-milch.de\/index.php?rest_route=\/wp\/v2\/users\/1"}],"replies":[{"embeddable":true,"href":"https:\/\/www.iv-milch.de\/index.php?rest_route=%2Fwp%2Fv2%2Fcomments&post=107"}],"version-history":[{"count":2,"href":"https:\/\/www.iv-milch.de\/index.php?rest_route=\/wp\/v2\/pages\/107\/revisions"}],"predecessor-version":[{"id":123,"href":"https:\/\/www.iv-milch.de\/index.php?rest_route=\/wp\/v2\/pages\/107\/revisions\/123"}],"up":[{"embeddable":true,"href":"https:\/\/www.iv-milch.de\/index.php?rest_route=\/wp\/v2\/pages\/36"}],"wp:attachment":[{"href":"https:\/\/www.iv-milch.de\/index.php?rest_route=%2Fwp%2Fv2%2Fmedia&parent=107"}],"curies":[{"name":"wp","href":"https:\/\/api.w.org\/{rel}","templated":true}]}}

<p>&nbsp;</p>
<ul>
<li><strong>Jahrestagung 2011 in Pirna (Sachsen)</strong></li>
</ul>
<p>Neubau und Rekonstruktion großer Milchviehanlagen<br />
Mit der Jahrestagung am 28./29. Oktober in Pirna wurde die Thematik der Öffentlichen Fachtagung zum 20. Jahrestag im Juni 2011 „Neubau oder Modernisierung“ fortgesetzt und am praktischen Beispiel studiert. Dazu bot die Besichtigung der beiden Milchviehanlagen in Großdrebnitz (Neubau neben der 1939er Anlage) und in Großerkmannsdorf (Rekonstruktion der 1930er Anlage) gute Möglichkeiten.<br />
Im Rahmen der internen Betriebsauswertung stand das Thema Tiergesundheit und Milchleistung im Mittelpunkt. Der nachfolgende Artikel in der Neuen Landwirtschaft gibt dazu einen Überblick.<br />
In der Betriebsreportage „Erfolgreich gegen den Strom“ der Neuen Landwirtschaft in der Ausgabe 01/2012 wird der IVM-Mitgliedsbetrieb Siedenlangenbeck vorgestellt. Ausgangspunkt dafür waren die Ausführungen von Christian Schmidt auf der Jahrestagung in Pirna.<br />
Nachfolgend Presseveröffentlichungen zur Jahrestagung 2011</p>
<p>Artikel Neue Landwirtschaft: Neubau oder Modernisierung; Dr. Klaus Siegmund<br />
Artikel <a href="https://www.iv-milch.de/pdf/2011/NL_01_2012_IVM_Vergleich.pdf" target="_blank">als PDF</a> NL_01_2012_IVM_Vergleich.pdf</p>
<p>Artikel Neue Landwirtschaft: Erfolgreich gegen den Strom; Dr. Uwe Steffin<br />
Artikel <a href="https://www.iv-milch.de/pdf/2011/NL_01_2012_Reportage_Schmidt.pdf" target="_blank">als PDF</a> NL_01_2012_Reportage_Schmidt.pdf</p>
<p>&nbsp;</p>
<ul>
<li><strong>20 Jahre IVM – Fachtagung in der HVHS am Seddiner See</strong></li>
</ul>
<p>Zum 20. Jahrestag seiner Gründung richtete der IVM eine Öffentliche Fachtagung aus. An der Heimvolkshochschule Seddiner See diskutierten Fachleute aus Mitgliedsunternehmen sowie weiteren Milchviehbetrieben und Institutionen zum Thema<br />
„Mit großen Milchviehbetrieben in die Zukunft – Technologie • Management • Politik“<br />
Nachfolgend Presseveröffentlichungen zur Fachtagung am 17. Juni 2011</p>
<p>Artikel Neue Landwirtschaft: Interview mit Klaus Griepentrog<br />
Artikel <a href="https://www.iv-milch.de/pdf/2011/NL_04_2011_Interview_Griepentrog.pdf" target="_blank">als PDF</a> NL_04_2011_Interview_Griepentrog.pdf</p>
<p>Artikel Bauernzeitung: Einst, heute, künftig; Fritz Fleege<br />
Artikel <a href="https://www.iv-milch.de/pdf/2011/BZ11_26_040.pdf" target="_blank">als PDF</a> BZ11_26_040.pdf</p>
<p>Artikel Neue Landwirtschaft: Blicke nach vorn; Dr. Barbara Hentschel<br />
Artikel <a href="https://www.iv-milch.de/pdf/2011/NL_07_2011_ivm.pdf" target="_blank">als PDF</a> NL_07_2011_ivm.pdf</p>
<p>Artikel Neue Landwirtschaft: Neubau oder Rekonstruktion; Prof. Dr. Gerhard Schleitzer<br />
Artikel <a href="https://www.iv-milch.de/pdf/2011/NL_06_2011_Schleitzer.pdf" target="_blank">als PDF</a> NL_06_2011_Schleitzer.pdf</p>

<p>&nbsp; Jahrestagung 2011 in Pirna (Sachsen) Neubau und Rekonstruktion großer Milchviehanlagen Mit der Jahrestagung am 28./29. Oktober in Pirna wurde die Thematik der Öffentlichen Fachtagung zum 20. Jahrestag im Juni 2011 „Neubau oder Modernisierung“ fortgesetzt und am praktischen Beispiel studiert. Dazu bot die Besichtigung der beiden Milchviehanlagen in Großdrebnitz (Neubau neben der 1939er Anlage) und [&hellip;]</p>
