{"id":258,"date":"2017-07-31T20:06:39","date_gmt":"2017-07-31T18:06:39","guid":{"rendered":"http:\/\/www.iv-milch.de\/?page_id=258"},"modified":"2018-01-14T18:36:57","modified_gmt":"2018-01-14T16:36:57","slug":"2017-2","status":"publish","type":"page","link":"https:\/\/www.iv-milch.de\/?page_id=258","title":{"rendered":"2017"},"content":{"rendered":"<p>&nbsp;<\/p>\n<ul>\n<li><strong>IVM Jahrestagung 2017 in W\u00f6rlitz<\/strong><\/li>\n<\/ul>\n<p>Tagungsort der IVM Jahrestagung 2017 in Sachsen-Anhalt war das Ringhotel \u201eZum Stein\u201c in W\u00f6rlitz. Dort versammelten sich zum Erfahrungsaustausch am 02.\/03. November 110 Mitglieder, Fachreferenten und G\u00e4ste.<br \/>\nDie interne Bewertung betriebswirtschaftlicher Ergebnisse der IVM Mitgliedsbetriebe und der Meinungsaustausch wurde durch einen Vortrag von Peter Hufe, Landwirtschaftliche Unternehmensberatung unterst\u00fctzt.<br \/>\nGrundlage des Fachprogramms der IVM Jahrestagung 2017 zum Thema \u201eEntwicklungen und Trends in der Milchviehf\u00fctterung\u201c waren Vortr\u00e4ge von Prof. Dr. Manfred Hoffmann vom S\u00e4chsischen Landeskontrollverband und von Thomas Engelhard von der LLG Sachsen-Anhalt in Iden.<br \/>\nIn der IVM Mitgliederversammlung wurden f\u00fcnf neue Mitglieder aufgenommen, zwei Milcherzeugerbetriebe und drei Pers\u00f6nliche Mitglieder.<br \/>\nStreitbares Thema der abendlichen agrarpolitischen Diskussionsrunde war \u201eMilchmengenmanagement \u2013 Erfahrungen und ein Ausblick\u201c. Diskussionsgrundlage waren kurze Statements von Heinz Korte, Landwirt und Vorsitzender des Aufsichtsrates des DMK, und Dr. Frank Wetterich, Prokurist der Gl\u00e4sernen Bio Molkerei M\u00fcnchehofe.<br \/>\nVor dem Meinungsaustausch sprach der Pr\u00e4sident des Landesbauernverbandes, Olaf Feuerborn, zu Sorgen, N\u00f6ten und Zukunftsaussichten der Landwirte in Sachsen-Anhalt.<br \/>\nDer praktische Erfahrungsaustausch im Rahmen der Jahrestagung 2017 erfolgte in den beiden Mitgliedsbetrieben Seydaland Rinderzucht GmbH &#038; Co. KG (1930er Milchviehanlage Battin) und der Gl\u00fccksburg Agrar eG Dixf\u00f6rda (Milchviehanlage Neuerstadt). Beide Unternehmen geh\u00f6ren zu den IVM Spitzenbetrieben mit f\u00fcr die Fachleute interessanten technologischen L\u00f6sungen. In der 1930er Anlage in Battin waren das insbesondere die 26 neu installierten Lely Melkroboter und in der MVA Gl\u00fccksburg die Stallkonstruktion und das F\u00fctterungsmanagement mit einmaliger t\u00e4glicher Ausbringung. Beide Fachexkursionen waren von den Unternehmen professionell vorbereitet und sicherten einen regen Erfahrungsaustausch mit einer hohen Teilnehmerzahl.<br \/>\nWesentlich beigetragen zum sehr guten Gelingen der IVM Jahrestagung 2017 hat das Team des Ringhotels \u201eZum Stein\u201c in W\u00f6rlitz.<\/p>\n<p>Artikel Bauernzeitung: Auf der Suche nach neuen Wegen; Fritz Fleege<br \/>\nArtikel <a href=\"https:\/\/www.iv-milch.de\/pdf\/2017\/BZ2017_51.pdf\" target=\"_blank\">als PDF<\/a> <em>als PDF<\/em><\/p>\n<p>&nbsp;<\/p>\n<ul>\n<li><strong>\u00d6ffentliche IVM Fachtagung 2017<\/strong><\/li>\n<\/ul>\n<p>Milcherzeugung im Politikumfeld und \u00f6ffentlicher Wahrnehmung war das \u00fcbergreifende Thema der 6. \u00d6ffentlichen IVM Fachtagung in der schon traditionellen Tagungsst\u00e4tte am Seddiner See. Zielstellung des IVM war es, damit Denkanst\u00f6\u00dfe f\u00fcr die Zukunft zu geben, so das Motto der Fachtagung.<br \/>\nDie Pressever\u00f6ffentlichungen geben einen \u00dcberblick zum Inhalt der Referate und zur Diskussion, von der rund 140 Fachleute regen Gebrauch machten.<br \/>\nAm Vorabend der Fachtagung tauschten die IVM Mitglieder sowie G\u00e4ste ihre Meinungen zum Milchmarkt und zur Situation in den Unternehmen aus. G\u00e4ste waren der Milchpr\u00e4sident des DBV Karsten Schmal und Kees de Fries, CDU-Abgeordneter im Deutschen Bundestag.<br \/>\nAm Rande der Fachtagung am 31. Mai hat der IVM zu einer Diskussionsrunde weitere Fachleute eingeladen, darunter Vertreter der Landesbauernverb\u00e4nde der ostdeutschen Bundesl\u00e4nder, des Bundes Deutscher Milchviehhalter (BDM), der MEG Milch Board, der Nord MEG und der Bayern MEG. Ziel war es, zur Lage am Milchmarkt m\u00f6glichst einheitliche Positionen zu finden und zuk\u00fcnftig mit m\u00f6glichst einer Stimme zu sprechen. Die Teilnehmer waren sich einig, dass der am Seddiner See begonnene Meinungsaustausch fortgesetzt werden soll. (Siehe auch Bauernzeitung 24\/2017)<\/p>\n<p>Artikel DMW:  Die Milchwirtschaft: Milcherzeugung im Politikumfeld und \u00f6ffentlicher Wahrnehmung; Dr. Andreas Schwierz<br \/>\nArtikel <a href=\"https:\/\/www.iv-milch.de\/pdf\/2017\/dmw_13_2017_FT.pdf\" target=\"_blank\">als PDF<\/a> <em>als PDF<\/em><\/p>\n<p>Artikel Bauernzeitung: Signale erkennen, Weichen stellen; Fritz Fleege<br \/>\nArtikel <a href=\"https:\/\/www.iv-milch.de\/pdf\/2017\/bau_24_2017_FT.pdf\" target=\"_blank\">als PDF<\/a> <em>als PDF<\/em><\/p>\n","protected":false},"excerpt":{"rendered":"<p>&nbsp; IVM Jahrestagung 2017 in W\u00f6rlitz Tagungsort der IVM Jahrestagung 2017 in Sachsen-Anhalt war das Ringhotel \u201eZum Stein\u201c in W\u00f6rlitz. Dort versammelten sich zum Erfahrungsaustausch am 02.\/03. November 110 Mitglieder, Fachreferenten und G\u00e4ste. Die interne Bewertung betriebswirtschaftlicher Ergebnisse der IVM Mitgliedsbetriebe und der Meinungsaustausch wurde durch einen Vortrag von Peter Hufe, Landwirtschaftliche Unternehmensberatung unterst\u00fctzt. Grundlage [&hellip;]<\/p>\n","protected":false},"author":1,"featured_media":0,"parent":36,"menu_order":13,"comment_status":"closed","ping_status":"closed","template":"","meta":{"footnotes":""},"class_list":["post-258","page","type-page","status-publish","hentry"],"_links":{"self":[{"href":"https:\/\/www.iv-milch.de\/index.php?rest_route=\/wp\/v2\/pages\/258","targetHints":{"allow":["GET"]}}],"collection":[{"href":"https:\/\/www.iv-milch.de\/index.php?rest_route=\/wp\/v2\/pages"}],"about":[{"href":"https:\/\/www.iv-milch.de\/index.php?rest_route=\/wp\/v2\/types\/page"}],"author":[{"embeddable":true,"href":"https:\/\/www.iv-milch.de\/index.php?rest_route=\/wp\/v2\/users\/1"}],"replies":[{"embeddable":true,"href":"https:\/\/www.iv-milch.de\/index.php?rest_route=%2Fwp%2Fv2%2Fcomments&post=258"}],"version-history":[{"count":4,"href":"https:\/\/www.iv-milch.de\/index.php?rest_route=\/wp\/v2\/pages\/258\/revisions"}],"predecessor-version":[{"id":278,"href":"https:\/\/www.iv-milch.de\/index.php?rest_route=\/wp\/v2\/pages\/258\/revisions\/278"}],"up":[{"embeddable":true,"href":"https:\/\/www.iv-milch.de\/index.php?rest_route=\/wp\/v2\/pages\/36"}],"wp:attachment":[{"href":"https:\/\/www.iv-milch.de\/index.php?rest_route=%2Fwp%2Fv2%2Fmedia&parent=258"}],"curies":[{"name":"wp","href":"https:\/\/api.w.org\/{rel}","templated":true}]}}

<p>&nbsp;</p>
<ul>
<li><strong>IVM Jahrestagung 2017 in Wörlitz</strong></li>
</ul>
<p>Tagungsort der IVM Jahrestagung 2017 in Sachsen-Anhalt war das Ringhotel „Zum Stein“ in Wörlitz. Dort versammelten sich zum Erfahrungsaustausch am 02./03. November 110 Mitglieder, Fachreferenten und Gäste.<br />
Die interne Bewertung betriebswirtschaftlicher Ergebnisse der IVM Mitgliedsbetriebe und der Meinungsaustausch wurde durch einen Vortrag von Peter Hufe, Landwirtschaftliche Unternehmensberatung unterstützt.<br />
Grundlage des Fachprogramms der IVM Jahrestagung 2017 zum Thema „Entwicklungen und Trends in der Milchviehfütterung“ waren Vorträge von Prof. Dr. Manfred Hoffmann vom Sächsischen Landeskontrollverband und von Thomas Engelhard von der LLG Sachsen-Anhalt in Iden.<br />
In der IVM Mitgliederversammlung wurden fünf neue Mitglieder aufgenommen, zwei Milcherzeugerbetriebe und drei Persönliche Mitglieder.<br />
Streitbares Thema der abendlichen agrarpolitischen Diskussionsrunde war „Milchmengenmanagement – Erfahrungen und ein Ausblick“. Diskussionsgrundlage waren kurze Statements von Heinz Korte, Landwirt und Vorsitzender des Aufsichtsrates des DMK, und Dr. Frank Wetterich, Prokurist der Gläsernen Bio Molkerei Münchehofe.<br />
Vor dem Meinungsaustausch sprach der Präsident des Landesbauernverbandes, Olaf Feuerborn, zu Sorgen, Nöten und Zukunftsaussichten der Landwirte in Sachsen-Anhalt.<br />
Der praktische Erfahrungsaustausch im Rahmen der Jahrestagung 2017 erfolgte in den beiden Mitgliedsbetrieben Seydaland Rinderzucht GmbH &#038; Co. KG (1930er Milchviehanlage Battin) und der Glücksburg Agrar eG Dixförda (Milchviehanlage Neuerstadt). Beide Unternehmen gehören zu den IVM Spitzenbetrieben mit für die Fachleute interessanten technologischen Lösungen. In der 1930er Anlage in Battin waren das insbesondere die 26 neu installierten Lely Melkroboter und in der MVA Glücksburg die Stallkonstruktion und das Fütterungsmanagement mit einmaliger täglicher Ausbringung. Beide Fachexkursionen waren von den Unternehmen professionell vorbereitet und sicherten einen regen Erfahrungsaustausch mit einer hohen Teilnehmerzahl.<br />
Wesentlich beigetragen zum sehr guten Gelingen der IVM Jahrestagung 2017 hat das Team des Ringhotels „Zum Stein“ in Wörlitz.</p>
<p>Artikel Bauernzeitung: Auf der Suche nach neuen Wegen; Fritz Fleege<br />
Artikel <a href="https://www.iv-milch.de/pdf/2017/BZ2017_51.pdf" target="_blank">als PDF</a> <em>als PDF</em></p>
<p>&nbsp;</p>
<ul>
<li><strong>Öffentliche IVM Fachtagung 2017</strong></li>
</ul>
<p>Milcherzeugung im Politikumfeld und öffentlicher Wahrnehmung war das übergreifende Thema der 6. Öffentlichen IVM Fachtagung in der schon traditionellen Tagungsstätte am Seddiner See. Zielstellung des IVM war es, damit Denkanstöße für die Zukunft zu geben, so das Motto der Fachtagung.<br />
Die Presseveröffentlichungen geben einen Überblick zum Inhalt der Referate und zur Diskussion, von der rund 140 Fachleute regen Gebrauch machten.<br />
Am Vorabend der Fachtagung tauschten die IVM Mitglieder sowie Gäste ihre Meinungen zum Milchmarkt und zur Situation in den Unternehmen aus. Gäste waren der Milchpräsident des DBV Karsten Schmal und Kees de Fries, CDU-Abgeordneter im Deutschen Bundestag.<br />
Am Rande der Fachtagung am 31. Mai hat der IVM zu einer Diskussionsrunde weitere Fachleute eingeladen, darunter Vertreter der Landesbauernverbände der ostdeutschen Bundesländer, des Bundes Deutscher Milchviehhalter (BDM), der MEG Milch Board, der Nord MEG und der Bayern MEG. Ziel war es, zur Lage am Milchmarkt möglichst einheitliche Positionen zu finden und zukünftig mit möglichst einer Stimme zu sprechen. Die Teilnehmer waren sich einig, dass der am Seddiner See begonnene Meinungsaustausch fortgesetzt werden soll. (Siehe auch Bauernzeitung 24/2017)</p>
<p>Artikel DMW:  Die Milchwirtschaft: Milcherzeugung im Politikumfeld und öffentlicher Wahrnehmung; Dr. Andreas Schwierz<br />
Artikel <a href="https://www.iv-milch.de/pdf/2017/dmw_13_2017_FT.pdf" target="_blank">als PDF</a> <em>als PDF</em></p>
<p>Artikel Bauernzeitung: Signale erkennen, Weichen stellen; Fritz Fleege<br />
Artikel <a href="https://www.iv-milch.de/pdf/2017/bau_24_2017_FT.pdf" target="_blank">als PDF</a> <em>als PDF</em></p>

<p>&nbsp; IVM Jahrestagung 2017 in Wörlitz Tagungsort der IVM Jahrestagung 2017 in Sachsen-Anhalt war das Ringhotel „Zum Stein“ in Wörlitz. Dort versammelten sich zum Erfahrungsaustausch am 02./03. November 110 Mitglieder, Fachreferenten und Gäste. Die interne Bewertung betriebswirtschaftlicher Ergebnisse der IVM Mitgliedsbetriebe und der Meinungsaustausch wurde durch einen Vortrag von Peter Hufe, Landwirtschaftliche Unternehmensberatung unterstützt. Grundlage [&hellip;]</p>
