{"id":48,"date":"2014-01-20T22:19:22","date_gmt":"2014-01-20T20:19:22","guid":{"rendered":"http:\/\/www.iv-milch.de\/?page_id=48"},"modified":"2024-11-28T20:15:59","modified_gmt":"2024-11-28T18:15:59","slug":"impressum","status":"publish","type":"page","link":"https:\/\/www.iv-milch.de\/?page_id=48","title":{"rendered":"Impressum"},"content":{"rendered":"<p><strong>Anschrift:<\/strong><br \/>\nInteressenverband der Milcherzeugerbetriebe e.V. (IVM)<br \/>\nSamariterstra\u00dfe 19-20<br \/>\n10247 Berlin<\/p>\n<p>Vertretungsberechtigter Vorstand<br \/>\nStefan Rothe (Vorsitzender)<br \/>\nDr. Florian Schmidt (Stellvertretender Vorsitzender)<br \/>\nDr. Klaus Siegmund (Gesch\u00e4ftsf\u00fchrer)<br \/>\nDie Kontaktdaten finden Sie unter <strong>Verband \/ Vorstand<\/strong><\/p>\n<p>Registergericht<br \/>\nAmtsgericht Charlottenburg<\/p>\n<p>Vereinsregister<br \/>\nVR 12731B<\/p>\n<p>Haftungshinweis:Alle Bilder sowie Inhalte von www.lockstedt.de sind Eigentum von Lockstedt. Das Kopieren von Seiten, Bildern oder Texten, auch nur auszugsweise, ist ohne schriftliche Genehmigung ausdr\u00fccklich untersagt und wird bei Zuwiderhandlung strafrechtlich verfolgt.<\/p>\n<p>Wir haben auf verschiedenen Seiten dieser Homepage Links zu anderen Seiten im Internet (externe Links). Trotz sorgf\u00e4ltiger Pr\u00fcfung \u00fcbernehmen wir keinerlei Haftung f\u00fcr deren Inhalte. F\u00fcr den Inhalt der verlinkten Seiten, sind ausschlie\u00dflich deren Betreiber verantwortlich. Diese Erkl\u00e4rung gilt f\u00fcr alle auf unserer Homepage eingebundenen externen Links.<\/p>\n<p>Diese Website benutzt Google Analytics, einen Webanalysedienst der Google Inc. (\u201eGoogle\u201c). Google Analytics verwendet sog. \u201eCookies\u201c, Textdateien, die auf Ihrem Computer gespeichert werden und die eine Analyse der Benutzung der Website durch Sie erm\u00f6glicht. Die durch den Cookie erzeugten Informationen \u00fcber Ihre Benutzung dieser Website (einschlie\u00dflich der anonymen und gek\u00fcrzten IP-Adresse) wird an einen Server von Google in den USA \u00fcbertragen und dort gespeichert. Google wird diese Informationen benutzen, um Ihre Nutzung der Website auszuwerten, um Reports \u00fcber die Websiteaktivit\u00e4ten f\u00fcr die Websitebetreiber zusammenzustellen und um weitere mit der Websitenutzung und der Internetnutzung verbundene Dienstleistungen zu erbringen. Auch wird Google diese Informationen gegebenenfalls an Dritte \u00fcbertragen, sofern dies gesetzlich vorgeschrieben oder soweit Dritte diese Daten im Auftrag von Google verarbeiten. Google wird in keinem Fall Ihre IP-Adresse mit anderen Daten, die von Google gespeichert werden, in Verbindung bringen. Sie k\u00f6nnen die Installation der Cookies durch eine entsprechende Einstellung Ihrer Browser Software verhindern; wir weisen Sie jedoch darauf hin, dass Sie in diesem Fall gegebenenfalls nicht s\u00e4mtliche Funktionen dieser Website voll umf\u00e4nglich nutzen k\u00f6nnen. Durch die Nutzung dieser Website erkl\u00e4ren Sie sich mit der Bearbeitung der \u00fcber Sie erhobenen Daten durch Google in der zuvor beschriebenen Art und Weise und zu dem zuvor benannten Zweck einverstanden.<\/p>\n<p><b>Website Konzeption, Design, Programmierung und Hosting<\/b><\/p>\n<p>ComputerDirekt.Net<br \/>\nTaxetstrasse 6<br \/>\n85737 Ismaning<\/p>\n<p>Telefon: +49 89 55 26 70 49<br \/>\nTelefax: +49 89 55 26 70 50<\/p>\n<p>E-Mail: aschier (at) computerdirekt.net<br \/>\nInternet: <a href=\"http:\/\/www.computerdirekt.net\" target=\"_blank\" rel=\"noopener\">www.computerdirekt.net<\/a><\/p>\n","protected":false},"excerpt":{"rendered":"<p>Anschrift: Interessenverband der Milcherzeugerbetriebe e.V. (IVM) Samariterstra\u00dfe 19-20 10247 Berlin Vertretungsberechtigter Vorstand Stefan Rothe (Vorsitzender) Dr. Florian Schmidt (Stellvertretender Vorsitzender) Dr. Klaus Siegmund (Gesch\u00e4ftsf\u00fchrer) Die Kontaktdaten finden Sie unter Verband \/ Vorstand Registergericht Amtsgericht Charlottenburg Vereinsregister VR 12731B Haftungshinweis:Alle Bilder sowie Inhalte von www.lockstedt.de sind Eigentum von Lockstedt. Das Kopieren von Seiten, Bildern oder Texten, [&hellip;]<\/p>\n","protected":false},"author":1,"featured_media":0,"parent":0,"menu_order":20,"comment_status":"closed","ping_status":"closed","template":"","meta":{"footnotes":""},"class_list":["post-48","page","type-page","status-publish","hentry"],"_links":{"self":[{"href":"https:\/\/www.iv-milch.de\/index.php?rest_route=\/wp\/v2\/pages\/48","targetHints":{"allow":["GET"]}}],"collection":[{"href":"https:\/\/www.iv-milch.de\/index.php?rest_route=\/wp\/v2\/pages"}],"about":[{"href":"https:\/\/www.iv-milch.de\/index.php?rest_route=\/wp\/v2\/types\/page"}],"author":[{"embeddable":true,"href":"https:\/\/www.iv-milch.de\/index.php?rest_route=\/wp\/v2\/users\/1"}],"replies":[{"embeddable":true,"href":"https:\/\/www.iv-milch.de\/index.php?rest_route=%2Fwp%2Fv2%2Fcomments&post=48"}],"version-history":[{"count":10,"href":"https:\/\/www.iv-milch.de\/index.php?rest_route=\/wp\/v2\/pages\/48\/revisions"}],"predecessor-version":[{"id":590,"href":"https:\/\/www.iv-milch.de\/index.php?rest_route=\/wp\/v2\/pages\/48\/revisions\/590"}],"wp:attachment":[{"href":"https:\/\/www.iv-milch.de\/index.php?rest_route=%2Fwp%2Fv2%2Fmedia&parent=48"}],"curies":[{"name":"wp","href":"https:\/\/api.w.org\/{rel}","templated":true}]}}